mon divisor of 5152 and y.
7
Suppose 3*d - 43 = -2*k, 369*d - 20 = 373*d. Calculate the highest common divisor of 9 and k.
1
Let q be 4 - -134 - (3 + -1 + 2). Let m = q + -130. Calculate the greatest common divisor of 124 and m.
4
Let h(b) = 2*b**3 + 18*b**2 + 18*b + 57. Let u be h(-7). Calculate the greatest common factor of 15875 and u.
127
Let q be (-241403)/(-1630) + 2/(-20). Calculate the greatest common divisor of q and 2516.
148
Let j(b) = -b + 4. Let u be j(-4). Let x(c) = 41*c + 1143. Let v be x(-27). Calculate the highest common divisor of v and u.
4
Let k be 1578/42 + (-12)/21. Suppose -3*o - j = -k, 3*o = 2*o - 4*j + 5. Suppose -o*t = -18*t + 280. What is the greatest common divisor of 7 and t?
7
Suppose -993*z - 69275 = -1010*z - 10982. What is the highest common factor of 108 and z?
27
Let d = -423 - -491. Suppose -2*y + 3 = -25. Let w = d - y. Calculate the greatest common divisor of 36 and w.
18
Suppose 5*w - 3*p - 84 - 71 = 0, 5*p = 3*w - 109. Let d = 282 + w. Suppose 2*o = -2*s + s + 33, 67 = 2*s + 5*o. Calculate the highest common factor of s and d.
31
Suppose j = -3*j + 12, 5*z - 207 = j. Suppose -5*r + z = -2*r. Suppose -5*w = -3*t + 2*t - 21, t - r = -2*w. What is the highest common divisor of w and 10?
5
Suppose 464*k - 382*k = 3854. Calculate the greatest common divisor of k and 7520.
47
Suppose -97 = -18*m - 25. Suppose -2*j + 90 = 2*f, m*f - j - 75 = 120. Calculate the greatest common divisor of f and 624.
48
Suppose b + 72 = -10. Let g = 88 + b. Let m(n) = 2*n**2 - 8*n - 8. Let w be m(g). Calculate the highest common factor of w and 16.
16
Suppose -5*x + 10 = 2*u, 3*x + 3*u - 6 = 2*u. Suppose 0 = 3*w - 51*o + 50*o - 91, x*w + 2*o = 74. What is the highest common factor of w and 24?
8
Let o be (8/28 + (-605)/(-14))*7098/1521. Calculate the highest common divisor of o and 18067.
203
Let p(d) = 21*d**2 + 40*d + 526. Let b be p(-14). What is the greatest common divisor of b and 26?
26
Let h be (-270)/((-1)/((-8)/((-40)/5))). Calculate the greatest common divisor of h and 702.
54
Suppose 68 = -6*d + 518. Let n be (-21)/(-1) - (-11 + 7/1). What is the greatest common factor of n and d?
25
Let c(z) = -3*z**2 - 29*z + 110. Let g be c(-12). Let q = 87 + -22. Calculate the greatest common factor of g and q.
13
Suppose -32778 = -31*c - 5002. Calculate the highest common factor of 658 and c.
14
Let m = 211 - 209. Let x be (10/55 - 97/(-11)) + m. Calculate the greatest common divisor of 220 and x.
11
Let n = 149 + -145. Suppose -i - 14 = 5*d, -2*d = -n*i + 50 - 18. Let s = 53 - 35. Calculate the greatest common divisor of i and s.
6
Let r be 0 - (4/(-4) - 8) - 3. Suppose -11*p = -r*p - 715. What is the greatest common divisor of 11 and p?
11
Let u(h) = 2*h - 30. Let p be u(9). Let y = 4 - p. Suppose -4*v - y = -96. Calculate the greatest common divisor of 160 and v.
20
Let x be (2132/205)/((-2)/(-5)). Suppose 78*t = x*t + 1040. Suppose -2 = -c - 4, -n - 2 = 3*c. What is the greatest common divisor of t and n?
4
Let h be -2 + (-460)/(-38) + 66/(-627). Let u(o) = -o**3 + 5*o**2 + 2. Suppose 3*l = -2*l + 25. Let x be u(l). Calculate the greatest common divisor of x and h.
2
Let w = 92 + 648. Suppose -14*y + w + 1262 = 0. Calculate the greatest common factor of 26 and y.
13
Suppose -2*y + 699 = -3*q, y = 7*y - 3*q - 2175. Let m = 12 + -3. Calculate the highest common factor of m and y.
9
Suppose -13*t + 153*t - 159600 = 0. Calculate the greatest common factor of t and 12.
12
Suppose 301*f + 264 = 304*f. Calculate the highest common factor of 88 and f.
88
Suppose 9 + 45 = a. Suppose -11*u - a = -12*u. Suppose -4*g + 28 = -8. Calculate the highest common factor of g and u.
9
Suppose -3495 = -4*f - q + 843, -2*q = -4*f + 4344. Calculate the greatest common factor of 245 and f.
35
Let f be ((-1426)/23)/(76/(-24) + 3). What is the greatest common factor of 60 and f?
12
Let g = 3614 - 3598. What is the greatest common factor of g and 97?
1
Suppose 5*w = f + 11371, 9*f - 7*f - 4558 = -2*w. Calculate the greatest common divisor of w and 819.
91
Let h = -842 - -1505. What is the greatest common factor of h and 357?
51
Suppose -63*b = -72*b + 81. Let h be (-54)/9 - -9*b. What is the highest common divisor of h and 25?
25
Let p(d) be the second derivative of -d**5/20 - 7*d**4/4 + 25*d**3/6 + 71*d**2/2 + 36*d. Let i be p(-22). What is the greatest common factor of 160 and i?
5
Let f(u) = 2*u**2 + 14*u - 32. Let w be f(2). Suppose 2*n + 5*a - 465 = 0, w*n - 965 = 6*a - 9*a. Calculate the greatest common divisor of n and 70.
35
Suppose 0 = 2*o + 5*g - 6*g - 47, -g = o - 16. Calculate the highest common divisor of o and 7413.
21
Let v(i) = -6*i - 3 + 0 + 17. Let t be v(2). Let z be ((t - -1) + -2)/((-2)/(-234)). What is the highest common factor of z and 13?
13
Let u(i) = 10 - i**2 - 3 - i + 7. Let z be u(0). Let o = -105919 - -105926. Calculate the highest common factor of z and o.
7
Suppose 58*s - 996 - 656 = -492. Calculate the greatest common factor of s and 11870.
10
Suppose 2418 = 169*l - 143*l. Calculate the greatest common divisor of l and 12524.
31
Let d be 10/4*(-22)/(-1). Let i = -12586 + 12707. What is the highest common factor of d and i?
11
Let c(k) = 19*k + 33. Suppose 208 = 41*y - 25*y. Let l be c(y). What is the highest common divisor of 80 and l?
40
Suppose -396 = 191*g - 194*g. What is the greatest common factor of 99 and g?
33
Let u = -1138 + 3806. Calculate the greatest common factor of u and 928.
116
Let x(p) = -76*p + 531. Let u be x(6). Calculate the highest common divisor of 51 and u.
3
Let p = 158 - 96. Let z be (-189)/(-126)*(-246)/9. Let i = p + z. What is the greatest common divisor of i and 210?
21
Suppose -4*h + 3*y + 25437 + 5871 = 0, 3*h - y = 23486. What is the highest common divisor of 60 and h?
30
Let s(u) = -2*u**3 - 8*u**2 - 23*u + 416. Let o be s(0). Let c(v) = v**3 + 52. Let x be c(0). Calculate the highest common factor of o and x.
52
Suppose -3*s - 24*a - 3686 = -5*s, -5*s + 9101 = -3*a. What is the greatest common factor of 323 and s?
17
Let k = -162 + 306. Let c = 1103 + -1087. Suppose -5*h - 54 = -4*b, -2*b + c = -h - 14. What is the greatest common factor of b and k?
16
Suppose -2*q + 10 = 0, -4*v - 6*q + 4*q = -266. Suppose 168 = 4*z + v. Suppose 14 = -c + 53. What is the highest common factor of c and z?
13
Let l be (((-232)/(-48))/(-29))/((-1)/6). Let x(m) = 225*m**3 - 2*m + 1. Let t be x(l). Calculate the greatest common divisor of t and 28.
28
Let l be -12 + 82 + -11 + (-8)/(-2). Suppose -4*u = -1850 - 1930. What is the highest common divisor of u and l?
63
Let n = 3353 - 3067. What is the highest common divisor of n and 198?
22
Let h(w) = -2*w**3 - 98*w**2 + 3*w + 264. Let b be h(-49). Let f(k) = -4*k + 9. Let j be f(-14). What is the highest common divisor of b and j?
13
Let p be 975/260*(-16)/(-10). Calculate the greatest common divisor of p and 1086.
6
Let c be 3565/403 - 2/(-13). Suppose -c = t - 12. Suppose t*g - 76 - 17 = 0. Calculate the highest common divisor of 31 and g.
31
Let j(g) = 2*g**2 - 119*g - 16. Let n be j(60). What is the greatest common divisor of 2101 and n?
11
Suppose -14*i + 16*i = 8. Suppose -i*d = -59 - 553. Suppose v + n - 75 = 0, -2*v - 2*n = n - d. Calculate the highest common divisor of v and 8.
8
Let j = 23 - 102. Let m = j + 114. Let f be 2/(((-12)/(-63))/((-10)/(-15))). What is the highest common factor of m and f?
7
Let n(r) = -r**3 + 43*r**2 - 67*r - 399. Let t be n(41). Calculate the greatest common divisor of t and 312.
24
Suppose -1218 = -29*k - 13*k. What is the greatest common factor of 696 and k?
29
Let t(a) = -a**3 - 27*a**2 - 139*a + 20. Let r be t(-20). Suppose 2*w = -r*m - 4*m + 680, 4*m = -4*w + 672. What is the highest common factor of 129 and m?
43
Let f be 18153/(-30) - 22/(-220). Let r = f + 1025. What is the highest common factor of 36 and r?
12
Suppose -9*q + 12 = -820 - 1751. Calculate the greatest common divisor of 189 and q.
7
Suppose 3*f + 4*h = 119, 24 = 4*f - 7*h - 36. What is the highest common divisor of f and 18763?
29
Let a = -49 + 157. Suppose 11*s - 2176 - 794 = 0. What is the greatest common divisor of a and s?
54
Let f(m) = -17*m + 733. Let x be f(35). What is the highest common divisor of 666 and x?
6
Suppose -16*g = -12*g + 8